= p + 2*d - d, -4*p = 5*d - k. List the prime factors of p.
2, 5
Let a(p) = p**3 - 7*p**2 - 19*p - 6. What are the prime factors of a(10)?
2, 13
Let w = 7 - 2. Suppose 1 = -2*q + 5. Suppose -3*s - 1 = q*b - b, w = b + s. What are the prime factors of b?
2
Let t be (42/18)/(2/6). Let l be ((-2)/(-4))/(2/16). Suppose -l*b = t - 31. List the prime factors of b.
2, 3
Let c = -7 - -11. Suppose -20 = -4*d, 0 = 5*v - 9*d + c*d - 230. List the prime factors of (-2)/4 + v/6.
2
Let y(w) = -5*w + 0*w**2 + w**2 + 0*w + 4. Let i be y(6). Suppose 3*p = -t + 6, 3*t = -5*p + 7*t + i. List the prime factors of p.
2
Suppose 4*o - 4 = 28. Suppose o = 4*w - 20. Suppose -5*b + 22 = w. What are the prime factors of b?
3
Let d be (-2)/(-3)*(-6)/(-4). Let m be d/(((-2)/11)/2). Let n = m + 15. List the prime factors of n.
2
Let q = 10 + -6. Suppose 3*z + 3 = q*z. Suppose 3*l - z*f + 8 = l, 2 = 3*l - f. List the prime factors of l.
2
Let i(o) = -o**3 + 4*o**2 - 3*o + 1. Let t be i(2). Let x(b) = 2*b - 1. Let f be x(1). What are the prime factors of (-14)/(-6) - f/t?
2
Let d(x) = -x**2 + x + 4. Let p be d(0). Suppose b = -5*y - 13, 14 = -p*b + 2*b + 2*y. Let j = b + 14. What are the prime factors of j?
2, 3
Let n = -260 - -410. List the prime factors of n.
2, 3, 5
Suppose 0 = 2*y + i + 14, 32 = -3*y - 3*i + 8. What are the prime factors of 20 + y + 6/(-2)?
11
Suppose -4*p - 9*p = -169. Suppose -q = -1 - 4. Suppose 0*v - q*v + 5*t = -65, 5*t - p = -v. What are the prime factors of v?
13
Let u = 14 - -279. What are the prime factors of u?
293
Suppose -q + 342 = 5*q. What are the prime factors of q?
3, 19
Let v(w) = w**3 - 6*w**2 + 3*w + 2. List the prime factors of v(6).
2, 5
Let r(i) = -i - 3. Let a be r(-4). Let b = 3 + a. Suppose -b*u + 8 = s + 2*s, u - 2 = -s. What are the prime factors of u?
2
Suppose 0 = 2*z + z + 6, -i + 63 = -z. What are the prime factors of i?
61
Let k(z) = -z**3 - 6*z**2 - 7*z - 3. Let m be 11/(-2) + (-1)/(-2). Let y be k(m). Let j(d) = -d**3 + 6*d**2 + 8*d + 6. What are the prime factors of j(y)?
13
Suppose -2*k = x - 121, 3*x = -8*k + 3*k + 300. What are the prime factors of k?
3, 7
Let z(l) = -32*l - 7. What are the prime factors of z(-2)?
3, 19
Suppose 4*k - 12 = 0, -2*k = 3*c + 3*k + 9. What are the prime factors of (6/c*-4)/1?
3
Let o(x) = -x - 2. Let j be o(-9). Suppose -4*t - 144 = -j*t. List the prime factors of t.
2, 3
Suppose 0 = -4*k + 5*f + 40, -k + 7*f + 25 = 2*f. Suppose 0 = k*s - 10*s + 110. List the prime factors of s.
2, 11
Suppose -668 = -4*c - 252. What are the prime factors of c?
2, 13
Suppose -5*z + 22 = -x, 0 = 2*x + 6 - 2. Let c(a) = 3*a + 2. Let r be c(6). Suppose 3*q = z*n + 4 - 40, r = 2*n - q. List the prime factors of n.
2, 3
Let z = 57 - 50. List the prime factors of z.
7
Let s = 18 + -1. Let k = s + 29. Let p = k - 33. List the prime factors of p.
13
List the prime factors of 6/8 + (-567)/(-12).
2, 3
Suppose 0 = -3*s - 20 - 7. List the prime factors of s/(0 + -3) - -2.
5
Suppose 2*z - 4 = -3*s, 0 = -0*z + 3*z - 3*s - 6. Suppose -2*w - 56 = -4*x + 2*w, z*x - 3*w - 24 = 0. List the prime factors of x.
2, 3
Let d(r) = -r**3 + 7*r**2 - 5*r - 7. What are the prime factors of d(5)?
2, 3
Suppose -t - 2*t - 12 = 0. Let j = t + 13. What are the prime factors of j?
3
List the prime factors of (-708)/(-18) - 1/3.
3, 13
Let g(w) = 12*w - 10. List the prime factors of g(6).
2, 31
Suppose 6*o + 2*j = 3*o + 8, 0 = -5*o + 3*j + 45. Suppose c - o = -c. List the prime factors of c.
3
Let y = -115 + 166. List the prime factors of y.
3, 17
Let r(j) = -j**3 + 4*j**2 + 3. Let g be r(4). Suppose -w + 10 = q, -g*w = 5*q - 71 + 25. List the prime factors of q.
2
Suppose d = -5, -h - h - 2*d - 6 = 0. Let z = 9 - h. List the prime factors of z.
7
Suppose 0 = -2*u + 2*q - 8, 2*u - 3*q = -0 - 8. Let r(g) = -g - 3*g + g. What are the prime factors of r(u)?
2, 3
Suppose -i - 3 = -t, -t + 4*t = 4*i + 7. Suppose i*l - 6 = -0*l. What are the prime factors of l?
3
Let l(c) = -c**2 + 5*c - 3. Let v be l(4). Suppose 5*r - 16 = -v. What are the prime factors of r?
3
What are the prime factors of (-63)/2*(-16)/12?
2, 3, 7
Let k(z) = -z**2 - 2 - 5*z + 5*z - 3*z + 4*z - 8*z**3. List the prime factors of k(-2).
2, 7
Let a = 73 - 61. What are the prime factors of a?
2, 3
Let b(a) = a**2 + 3*a + 4. Let k be b(-3). Let w(d) = 5*d - 2. Let n(l) = -l. Let j(i) = k*n(i) + w(i). List the prime factors of j(6).
2
Let c(r) = 2*r**2 - 16. What are the prime factors of c(5)?
2, 17
Let o(r) be the second derivative of r**6/120 - 7*r**5/60 + 3*r**3/2 + r**2 + r. Let i(b) be the first derivative of o(b). What are the prime factors of i(7)?
3
Suppose -3*q = 19 - 55. List the prime factors of q.
2, 3
Suppose 14 - 3 = d. Suppose d = n - 66. Suppose 5*u - n = m, -4*m - 19 = -2*u + 1. List the prime factors of u.
2
Let v(k) = -k**2 - 8*k + 6. What are the prime factors of v(-6)?
2, 3
Suppose l - 80 = -5*s, 2*s - 98 = -2*l + 94. Suppose -6*y + l = -y. Suppose -2*f + y = 4. List the prime factors of f.
2
Suppose 16 = 4*x, -x + 2 = -5*y + 2*x. What are the prime factors of y?
2
Suppose f - 3 - 1 = 0. Suppose 5*d - 114 = -o - 0*o, 3*d - f*o - 73 = 0. Suppose 12 = 5*t - d. List the prime factors of t.
7
Suppose -42 = -2*f - 0*f - 2*z, 4*f - 83 = -3*z. What are the prime factors of f?
2, 5
Suppose -4 = -3*a + 2. Suppose 0 = 3*t - b + 29, -a*b - 25 = 2*t + 3*b. Let l = 22 + t. What are the prime factors of l?
2, 3
Suppose v = -4*h, 0*h = -3*h + v. Suppose -3*p = -h*p - 36. List the prime factors of p.
2, 3
Suppose 0 = y - i - 4 - 55, -5*y - 3*i = -303. What are the prime factors of (y/35)/((-1)/(-28))?
2, 3
Let r be (-1 + -2)*(0 + -1). What are the prime factors of (-112)/(-12)*r/2?
2, 7
Let c = 72 + 265. What are the prime factors of c?
337
Suppose 30*v = 35*v - 145. What are the prime factors of v?
29
Let b = 23 + -21. Suppose b*r + 0*r = 16. List the prime factors of r.
2
Let d = 19 + -17. What are the prime factors of d?
2
Let y be (-46 + 0/(-1))*-1. Suppose -2*k + d + d + y = 0, -k - 5*d - 1 = 0. What are the prime factors of k?
19
Suppose 0 = -5*t + 51 + 39. Let b(n) = -n**3 + 6*n**2 + 5*n + 5. Let a be b(7). Let y = t + a. What are the prime factors of y?
3
Suppose 3*t = -t. Let x be 0 - (t + -2*2). Suppose 2*f = x*n + 14, 2*f = f - 4*n - 5. List the prime factors of f.
3
Let f(v) = v**3 + 12*v**2 + 13*v + 8. What are the prime factors of f(-9)?
2, 67
Let p be -2*(-2 + -5)*1. Suppose 5*u + p = -4*k, 6*k - k + 15 = -5*u. List the prime factors of (u - 16)*(-6)/9.
2, 3
Suppose -4*n - 23 = -3*k, n - 6*n = 10. Let a be k/(10/63)*2. Suppose -d + a + 8 = 4*f, -d = -3. List the prime factors of f.
17
Let b = 249 - 130. List the prime factors of b.
7, 17
Let y(p) = p**3 + 4*p**2 - 6*p. Suppose -v = -3*v + 18. Suppose -3*m - 10 = 2*k, -k - 4*m - v = -4. List the prime factors of y(k).
5
Let l = 6 + 3. Suppose g = -2*g - l, -2*g - 10 = -2*b. Suppose 3*y - b*y - 12 = 0. What are the prime factors of y?
2, 3
Suppose 0 = -5*m - 0*m + 15. Suppose 0 = 5*r + 4*p - 41, r - m = 5*p - 18. Let c = r + -2. What are the prime factors of c?
3
Suppose 6*a - 24 = 2*a. Let h(f) = -4*f**3 - 8*f - 3. Let b(c) = -5*c**3 + c**2 - 8*c - 4. Let m(n) = 5*b(n) - 6*h(n). What are the prime factors of m(a)?
2, 5
Let v(f) = f - 1. Let x be v(2). Let n = 7 + x. What are the prime factors of n?
2
Suppose 2*n + n + 60 = 3*d, 2*d - 3*n = 44. Let g = d + -10. What are the prime factors of g?
2, 3
Let q = 40 - 22. What are the prime factors of q?
2, 3
Let z(i) = i**3 + 3*i**2 - 4*i + 2. Let c be z(-4). Let d be (c*-1)/(3/(-3)). Suppose -d*s = -3*y + 35, 12 = -2*y + s + 34. List the prime factors of y.
3
Let d be (4/6)/(3/18). Let m = d + -3. Let z = 4 - m. List the prime factors of z.
3
Let m(s) be the first derivative of -3*s**4/2 + 2. Let k be m(-1). Suppose 5 = i - k. What are the prime factors of i?
11
Suppose 2*b - 3*b + 332 = 0. List the prime factors of b.
2, 83
Let f(v) = -v**3 + 7*v**2 - 3*v + 11. What are the prime factors of f(5)?
2, 23
Let t(f) = 0*f**3 + 5*f**3 - 4*f**3 - 10 + 2 + 3*f + 7*f**2. List the prime factors of t(-6).
2, 5
Let l = 7 - 2. Suppose 160 = 5*u - y + l*y, -4*y = -20. Let n = 43 - u. List the prime factors of n.
3, 5
Let h be ((-4)/5)/(4/(-30)). Let n(c) = 8*c - 17. Let k(f) = -3*